{"id":9,"date":"2021-10-12T17:39:19","date_gmt":"2021-10-12T15:39:19","guid":{"rendered":"https:\/\/panoramic-chatel.com\/?page_id=9"},"modified":"2022-01-05T11:09:06","modified_gmt":"2022-01-05T10:09:06","slug":"a-propos","status":"publish","type":"page","link":"https:\/\/panoramic-chatel.com\/en\/a-propos\/","title":{"rendered":"\u00c0 propos"},"content":{"rendered":"<h2 class=\"has-text-align-center wp-block-heading\">R\u00e9sidence Premium \u00e0 Ch\u00e2tel 74390<br>13 appartements d&rsquo;exception.<\/h2>\n\n\n\n<p class=\"has-ast-global-color-4-background-color has-background\">La situation g\u00e9ographique au c\u0153ur du domaine des Portes du Soleil, \u00e0 5 minutes de la Suisse, proche de l\u2019acc\u00e8s autoroutier, du TGV, des a\u00e9roports de Gen\u00e8ve et de Sion, conf\u00e8re au PANORAMIC un atout majeur pour un investissement immobilier avec un fort potentiel de location et de revente. Et\u00e9 comme hiver, dans une station village authentique et vivante, vous profiterez de nombreuses  activit\u00e9s sportives et de d\u00e9tente en toute saison : ski, v\u00e9lo, parapente, golf, tennis, randonn\u00e9e, escalade, piscine, canyoning, rafting, cano\u00eb kayak, fantasticable, parcours aventure, etc. Proche des mus\u00e9es : Mus\u00e9e Chaplin (Vevey), Fondation Gianadda (Martigny), Evian et Lausanne.<\/p>\n\n\n\n<p class=\"has-background\" style=\"background-color:#cdcac5\">BREATHTAKING VIEW<br>A deux pas du c\u0153ur du village et de ses commerces.<br>Id\u00e9alement situ\u00e9e au calme mais proche de toutes les commodit\u00e9s : transport public gratuit \u00e0 20 m, piscine \u00e0 50 m, remont\u00e9es m\u00e9caniques \u00e0 300 m.<br>Vous profiterez d\u2019un panorama grandiose et unique gr\u00e2ce aux grandes surfaces vitr\u00e9es de nos appartements.<\/p>\n\n\n\n<p class=\"has-ast-global-color-4-background-color has-background\">LUXURIOUSLY UPSCALE<\/p>\n\n\n\n<p class=\"has-background\" style=\"background-color:#cdcac5\">ASCENSEUR PRIVATIF dans les duplex sur demande<\/p>\n\n\n\n<p class=\"has-ast-global-color-4-background-color has-background\">SKI BOOT DRYERS \/ SKI LOCKERS<\/p>\n\n\n\n<p class=\"has-background\" style=\"background-color:#cdcac5\">STATIONNEMENTS ET ACC\u00c8S EXT\u00c9RIEURS D\u00c9NEIGEMENT THERMIQUE<\/p>\n\n\n\n<p class=\"has-ast-global-color-4-background-color has-background\">FIREPLACE <\/p>\n\n\n\n<p class=\"has-background\" style=\"background-color:#cdcac5\">EQUIPPED KITCHEN<\/p>\n\n\n\n<p class=\"has-ast-global-color-4-background-color has-background\">COMFORT AND STANDARD OF LIVING<br>Ici tout a \u00e9t\u00e9 pens\u00e9 : qualit\u00e9 des mat\u00e9riaux utilis\u00e9s et choisis dans le respect de l\u2019environnement. Les plans de chaque appartement ont \u00e9t\u00e9 con\u00e7us avec le plus grand soin pour vous offrir, au quotidien, le privil\u00e8ge d\u2019une ambiance faite de grands espaces et de confort. Chaque appartement dispose de grandes terrasses ou balcons. La construction r\u00e9pond aux normes les plus exigeantes.<\/p>\n\n\n\n<p class=\"has-background\" style=\"background-color:#cdcac5\">UN ACCOMPAGNEMENT PERSONNALIS\u00c9 ET FINITIONS SUR MESURE CHAUFFAGE individuel au sol, isolation thermique et phonique de premier ordre.<\/p>\n\n\n\n<p class=\"has-ast-global-color-4-background-color has-background\">ESPACE COMMUN A DISPOSITION, SPA SUR TERRASSE<\/p>\n\n\n\n<p class=\"has-background\" style=\"background-color:#cdcac5\">HABITATION S\u00c9CURIS\u00c9E des appartements de tr\u00e8s grand standing dans une r\u00e9sidence enti\u00e8rement s\u00e9curis\u00e9e, acc\u00e8s sous surveillance, vid\u00e9ophone avec commande d\u2019ouverture garage \u00e0 distance, portes pali\u00e8res anti effraction avec serrures de s\u00e9curit\u00e9 multipoints.<\/p>","protected":false},"excerpt":{"rendered":"<p>R\u00e9sidence Premium \u00e0 Ch\u00e2tel 7439013 appartements d&rsquo;exception. La situation g\u00e9ographique au c\u0153ur du domaine des Portes du Soleil, \u00e0 5 minutes de la Suisse, proche de l\u2019acc\u00e8s autoroutier, du TGV, des a\u00e9roports de Gen\u00e8ve et de Sion, conf\u00e8re au PANORAMIC un atout majeur pour un investissement immobilier avec un fort potentiel de location et de&hellip;&nbsp;<a href=\"https:\/\/panoramic-chatel.com\/en\/a-propos\/\" rel=\"bookmark\">Read More &raquo;<span class=\"screen-reader-text\">\u00c0 propos<\/span><\/a><\/p>","protected":false},"author":1,"featured_media":0,"parent":0,"menu_order":0,"comment_status":"closed","ping_status":"closed","template":"","meta":{"neve_meta_sidebar":"","neve_meta_container":"","neve_meta_enable_content_width":"","neve_meta_content_width":0,"neve_meta_title_alignment":"","neve_meta_author_avatar":"","neve_post_elements_order":"","neve_meta_disable_header":"","neve_meta_disable_footer":"","neve_meta_disable_title":"","footnotes":""},"class_list":["post-9","page","type-page","status-publish","hentry"],"yoast_head":"<!-- This site is optimized with the Yoast SEO plugin v25.9 - https:\/\/yoast.com\/wordpress\/plugins\/seo\/ -->\n<title>\u00c0 propos - Le Panoramic<\/title>\n<meta name=\"robots\" content=\"index, follow, max-snippet:-1, max-image-preview:large, max-video-preview:-1\" \/>\n<link rel=\"canonical\" href=\"https:\/\/panoramic-chatel.com\/en\/a-propos\/\" \/>\n<meta property=\"og:locale\" content=\"en_GB\" \/>\n<meta property=\"og:type\" content=\"article\" \/>\n<meta property=\"og:title\" content=\"\u00c0 propos - Le Panoramic\" \/>\n<meta property=\"og:description\" content=\"R\u00e9sidence Premium \u00e0 Ch\u00e2tel 7439013 appartements d&rsquo;exception. La situation g\u00e9ographique au c\u0153ur du domaine des Portes du Soleil, \u00e0 5 minutes de la Suisse, proche de l\u2019acc\u00e8s autoroutier, du TGV, des a\u00e9roports de Gen\u00e8ve et de Sion, conf\u00e8re au PANORAMIC un atout majeur pour un investissement immobilier avec un fort potentiel de location et de&hellip;&nbsp;Read More &raquo;\u00c0 propos\" \/>\n<meta property=\"og:url\" content=\"https:\/\/panoramic-chatel.com\/en\/a-propos\/\" \/>\n<meta property=\"og:site_name\" content=\"Le Panoramic\" \/>\n<meta property=\"article:modified_time\" content=\"2022-01-05T10:09:06+00:00\" \/>\n<meta name=\"twitter:card\" content=\"summary_large_image\" \/>\n<meta name=\"twitter:label1\" content=\"Estimated reading time\" \/>\n\t<meta name=\"twitter:data1\" content=\"2 minutes\" \/>\n<script type=\"application\/ld+json\" class=\"yoast-schema-graph\">{\"@context\":\"https:\/\/schema.org\",\"@graph\":[{\"@type\":\"WebPage\",\"@id\":\"https:\/\/panoramic-chatel.com\/a-propos\/\",\"url\":\"https:\/\/panoramic-chatel.com\/a-propos\/\",\"name\":\"\u00c0 propos - Le Panoramic\",\"isPartOf\":{\"@id\":\"https:\/\/panoramic-chatel.com\/#website\"},\"datePublished\":\"2021-10-12T15:39:19+00:00\",\"dateModified\":\"2022-01-05T10:09:06+00:00\",\"breadcrumb\":{\"@id\":\"https:\/\/panoramic-chatel.com\/a-propos\/#breadcrumb\"},\"inLanguage\":\"en-GB\",\"potentialAction\":[{\"@type\":\"ReadAction\",\"target\":[\"https:\/\/panoramic-chatel.com\/a-propos\/\"]}]},{\"@type\":\"BreadcrumbList\",\"@id\":\"https:\/\/panoramic-chatel.com\/a-propos\/#breadcrumb\",\"itemListElement\":[{\"@type\":\"ListItem\",\"position\":1,\"name\":\"Accueil\",\"item\":\"https:\/\/panoramic-chatel.com\/\"},{\"@type\":\"ListItem\",\"position\":2,\"name\":\"\u00c0 propos\"}]},{\"@type\":\"WebSite\",\"@id\":\"https:\/\/panoramic-chatel.com\/#website\",\"url\":\"https:\/\/panoramic-chatel.com\/\",\"name\":\"Le Panoramic\",\"description\":\"R\u00e9sidence Premium Ch\u00e2tel\",\"publisher\":{\"@id\":\"https:\/\/panoramic-chatel.com\/#organization\"},\"potentialAction\":[{\"@type\":\"SearchAction\",\"target\":{\"@type\":\"EntryPoint\",\"urlTemplate\":\"https:\/\/panoramic-chatel.com\/?s={search_term_string}\"},\"query-input\":{\"@type\":\"PropertyValueSpecification\",\"valueRequired\":true,\"valueName\":\"search_term_string\"}}],\"inLanguage\":\"en-GB\"},{\"@type\":\"Organization\",\"@id\":\"https:\/\/panoramic-chatel.com\/#organization\",\"name\":\"Le Panoramic\",\"url\":\"https:\/\/panoramic-chatel.com\/\",\"logo\":{\"@type\":\"ImageObject\",\"inLanguage\":\"en-GB\",\"@id\":\"https:\/\/panoramic-chatel.com\/#\/schema\/logo\/image\/\",\"url\":\"https:\/\/panoramic-chatel.com\/wp-content\/uploads\/2021\/10\/Logo_LEPANORAMIC_montagnes.png\",\"contentUrl\":\"https:\/\/panoramic-chatel.com\/wp-content\/uploads\/2021\/10\/Logo_LEPANORAMIC_montagnes.png\",\"width\":2000,\"height\":1000,\"caption\":\"Le Panoramic\"},\"image\":{\"@id\":\"https:\/\/panoramic-chatel.com\/#\/schema\/logo\/image\/\"}}]}<\/script>\n<!-- \/ Yoast SEO plugin. -->","yoast_head_json":{"title":"\u00c0 propos - Le Panoramic","robots":{"index":"index","follow":"follow","max-snippet":"max-snippet:-1","max-image-preview":"max-image-preview:large","max-video-preview":"max-video-preview:-1"},"canonical":"https:\/\/panoramic-chatel.com\/en\/a-propos\/","og_locale":"en_GB","og_type":"article","og_title":"\u00c0 propos - Le Panoramic","og_description":"R\u00e9sidence Premium \u00e0 Ch\u00e2tel 7439013 appartements d&rsquo;exception. La situation g\u00e9ographique au c\u0153ur du domaine des Portes du Soleil, \u00e0 5 minutes de la Suisse, proche de l\u2019acc\u00e8s autoroutier, du TGV, des a\u00e9roports de Gen\u00e8ve et de Sion, conf\u00e8re au PANORAMIC un atout majeur pour un investissement immobilier avec un fort potentiel de location et de&hellip;&nbsp;Read More &raquo;\u00c0 propos","og_url":"https:\/\/panoramic-chatel.com\/en\/a-propos\/","og_site_name":"Le Panoramic","article_modified_time":"2022-01-05T10:09:06+00:00","twitter_card":"summary_large_image","twitter_misc":{"Estimated reading time":"2 minutes"},"schema":{"@context":"https:\/\/schema.org","@graph":[{"@type":"WebPage","@id":"https:\/\/panoramic-chatel.com\/a-propos\/","url":"https:\/\/panoramic-chatel.com\/a-propos\/","name":"\u00c0 propos - Le Panoramic","isPartOf":{"@id":"https:\/\/panoramic-chatel.com\/#website"},"datePublished":"2021-10-12T15:39:19+00:00","dateModified":"2022-01-05T10:09:06+00:00","breadcrumb":{"@id":"https:\/\/panoramic-chatel.com\/a-propos\/#breadcrumb"},"inLanguage":"en-GB","potentialAction":[{"@type":"ReadAction","target":["https:\/\/panoramic-chatel.com\/a-propos\/"]}]},{"@type":"BreadcrumbList","@id":"https:\/\/panoramic-chatel.com\/a-propos\/#breadcrumb","itemListElement":[{"@type":"ListItem","position":1,"name":"Accueil","item":"https:\/\/panoramic-chatel.com\/"},{"@type":"ListItem","position":2,"name":"\u00c0 propos"}]},{"@type":"WebSite","@id":"https:\/\/panoramic-chatel.com\/#website","url":"https:\/\/panoramic-chatel.com\/","name":"Le Panoramic","description":"R\u00e9sidence Premium Ch\u00e2tel","publisher":{"@id":"https:\/\/panoramic-chatel.com\/#organization"},"potentialAction":[{"@type":"SearchAction","target":{"@type":"EntryPoint","urlTemplate":"https:\/\/panoramic-chatel.com\/?s={search_term_string}"},"query-input":{"@type":"PropertyValueSpecification","valueRequired":true,"valueName":"search_term_string"}}],"inLanguage":"en-GB"},{"@type":"Organization","@id":"https:\/\/panoramic-chatel.com\/#organization","name":"Le Panoramic","url":"https:\/\/panoramic-chatel.com\/","logo":{"@type":"ImageObject","inLanguage":"en-GB","@id":"https:\/\/panoramic-chatel.com\/#\/schema\/logo\/image\/","url":"https:\/\/panoramic-chatel.com\/wp-content\/uploads\/2021\/10\/Logo_LEPANORAMIC_montagnes.png","contentUrl":"https:\/\/panoramic-chatel.com\/wp-content\/uploads\/2021\/10\/Logo_LEPANORAMIC_montagnes.png","width":2000,"height":1000,"caption":"Le Panoramic"},"image":{"@id":"https:\/\/panoramic-chatel.com\/#\/schema\/logo\/image\/"}}]}},"_links":{"self":[{"href":"https:\/\/panoramic-chatel.com\/en\/wp-json\/wp\/v2\/pages\/9","targetHints":{"allow":["GET"]}}],"collection":[{"href":"https:\/\/panoramic-chatel.com\/en\/wp-json\/wp\/v2\/pages"}],"about":[{"href":"https:\/\/panoramic-chatel.com\/en\/wp-json\/wp\/v2\/types\/page"}],"author":[{"embeddable":true,"href":"https:\/\/panoramic-chatel.com\/en\/wp-json\/wp\/v2\/users\/1"}],"replies":[{"embeddable":true,"href":"https:\/\/panoramic-chatel.com\/en\/wp-json\/wp\/v2\/comments?post=9"}],"version-history":[{"count":20,"href":"https:\/\/panoramic-chatel.com\/en\/wp-json\/wp\/v2\/pages\/9\/revisions"}],"predecessor-version":[{"id":383,"href":"https:\/\/panoramic-chatel.com\/en\/wp-json\/wp\/v2\/pages\/9\/revisions\/383"}],"wp:attachment":[{"href":"https:\/\/panoramic-chatel.com\/en\/wp-json\/wp\/v2\/media?parent=9"}],"curies":[{"name":"wp","href":"https:\/\/api.w.org\/{rel}","templated":true}]}}

À propos

<h2 class="has-text-align-center wp-block-heading">Résidence Premium à Châtel 74390<br>13 appartements d&rsquo;exception.</h2>



<p class="has-ast-global-color-4-background-color has-background">La situation géographique au cœur du domaine des Portes du Soleil, à 5 minutes de la Suisse, proche de l’accès autoroutier, du TGV, des aéroports de Genève et de Sion, confère au PANORAMIC un atout majeur pour un investissement immobilier avec un fort potentiel de location et de revente. Eté comme hiver, dans une station village authentique et vivante, vous profiterez de nombreuses  activités sportives et de détente en toute saison : ski, vélo, parapente, golf, tennis, randonnée, escalade, piscine, canyoning, rafting, canoë kayak, fantasticable, parcours aventure, etc. Proche des musées : Musée Chaplin (Vevey), Fondation Gianadda (Martigny), Evian et Lausanne.</p>



<p class="has-background" style="background-color:#cdcac5">BREATHTAKING VIEW<br>A deux pas du cœur du village et de ses commerces.<br>Idéalement située au calme mais proche de toutes les commodités : transport public gratuit à 20 m, piscine à 50 m, remontées mécaniques à 300 m.<br>Vous profiterez d’un panorama grandiose et unique grâce aux grandes surfaces vitrées de nos appartements.</p>



<p class="has-ast-global-color-4-background-color has-background">LUXURIOUSLY UPSCALE</p>



<p class="has-background" style="background-color:#cdcac5">ASCENSEUR PRIVATIF dans les duplex sur demande</p>



<p class="has-ast-global-color-4-background-color has-background">SKI BOOT DRYERS / SKI LOCKERS</p>



<p class="has-background" style="background-color:#cdcac5">STATIONNEMENTS ET ACCÈS EXTÉRIEURS DÉNEIGEMENT THERMIQUE</p>



<p class="has-ast-global-color-4-background-color has-background">FIREPLACE </p>



<p class="has-background" style="background-color:#cdcac5">EQUIPPED KITCHEN</p>



<p class="has-ast-global-color-4-background-color has-background">COMFORT AND STANDARD OF LIVING<br>Ici tout a été pensé : qualité des matériaux utilisés et choisis dans le respect de l’environnement. Les plans de chaque appartement ont été conçus avec le plus grand soin pour vous offrir, au quotidien, le privilège d’une ambiance faite de grands espaces et de confort. Chaque appartement dispose de grandes terrasses ou balcons. La construction répond aux normes les plus exigeantes.</p>



<p class="has-background" style="background-color:#cdcac5">UN ACCOMPAGNEMENT PERSONNALISÉ ET FINITIONS SUR MESURE CHAUFFAGE individuel au sol, isolation thermique et phonique de premier ordre.</p>



<p class="has-ast-global-color-4-background-color has-background">ESPACE COMMUN A DISPOSITION, SPA SUR TERRASSE</p>



<p class="has-background" style="background-color:#cdcac5">HABITATION SÉCURISÉE des appartements de très grand standing dans une résidence entièrement sécurisée, accès sous surveillance, vidéophone avec commande d’ouverture garage à distance, portes palières anti effraction avec serrures de sécurité multipoints.</p>

<p>Résidence Premium à Châtel 7439013 appartements d&rsquo;exception. La situation géographique au cœur du domaine des Portes du Soleil, à 5 minutes de la Suisse, proche de l’accès autoroutier, du TGV, des aéroports de Genève et de Sion, confère au PANORAMIC un atout majeur pour un investissement immobilier avec un fort potentiel de location et de&hellip;&nbsp;<a href="https://panoramic-chatel.com/en/a-propos/" rel="bookmark">Read More &raquo;<span class="screen-reader-text">À propos</span></a></p>

<!-- This site is optimized with the Yoast SEO plugin v25.9 - https://yoast.com/wordpress/plugins/seo/ -->
<title>À propos - Le Panoramic</title>
<meta name="robots" content="index, follow, max-snippet:-1, max-image-preview:large, max-video-preview:-1" />
<link rel="canonical" href="https://panoramic-chatel.com/en/a-propos/" />
<meta property="og:locale" content="en_GB" />
<meta property="og:type" content="article" />
<meta property="og:title" content="À propos - Le Panoramic" />
<meta property="og:description" content="Résidence Premium à Châtel 7439013 appartements d&rsquo;exception. La situation géographique au cœur du domaine des Portes du Soleil, à 5 minutes de la Suisse, proche de l’accès autoroutier, du TGV, des aéroports de Genève et de Sion, confère au PANORAMIC un atout majeur pour un investissement immobilier avec un fort potentiel de location et de&hellip;&nbsp;Read More &raquo;À propos" />
<meta property="og:url" content="https://panoramic-chatel.com/en/a-propos/" />
<meta property="og:site_name" content="Le Panoramic" />
<meta property="article:modified_time" content="2022-01-05T10:09:06+00:00" />
<meta name="twitter:card" content="summary_large_image" />
<meta name="twitter:label1" content="Estimated reading time" />
	<meta name="twitter:data1" content="2 minutes" />
<script type="application/ld+json" class="yoast-schema-graph">{"@context":"https://schema.org","@graph":[{"@type":"WebPage","@id":"https://panoramic-chatel.com/a-propos/","url":"https://panoramic-chatel.com/a-propos/","name":"À propos - Le Panoramic","isPartOf":{"@id":"https://panoramic-chatel.com/#website"},"datePublished":"2021-10-12T15:39:19+00:00","dateModified":"2022-01-05T10:09:06+00:00","breadcrumb":{"@id":"https://panoramic-chatel.com/a-propos/#breadcrumb"},"inLanguage":"en-GB","potentialAction":[{"@type":"ReadAction","target":["https://panoramic-chatel.com/a-propos/"]}]},{"@type":"BreadcrumbList","@id":"https://panoramic-chatel.com/a-propos/#breadcrumb","itemListElement":[{"@type":"ListItem","position":1,"name":"Accueil","item":"https://panoramic-chatel.com/"},{"@type":"ListItem","position":2,"name":"À propos"}]},{"@type":"WebSite","@id":"https://panoramic-chatel.com/#website","url":"https://panoramic-chatel.com/","name":"Le Panoramic","description":"Résidence Premium Châtel","publisher":{"@id":"https://panoramic-chatel.com/#organization"},"potentialAction":[{"@type":"SearchAction","target":{"@type":"EntryPoint","urlTemplate":"https://panoramic-chatel.com/?s={search_term_string}"},"query-input":{"@type":"PropertyValueSpecification","valueRequired":true,"valueName":"search_term_string"}}],"inLanguage":"en-GB"},{"@type":"Organization","@id":"https://panoramic-chatel.com/#organization","name":"Le Panoramic","url":"https://panoramic-chatel.com/","logo":{"@type":"ImageObject","inLanguage":"en-GB","@id":"https://panoramic-chatel.com/#/schema/logo/image/","url":"https://panoramic-chatel.com/wp-content/uploads/2021/10/Logo_LEPANORAMIC_montagnes.png","contentUrl":"https://panoramic-chatel.com/wp-content/uploads/2021/10/Logo_LEPANORAMIC_montagnes.png","width":2000,"height":1000,"caption":"Le Panoramic"},"image":{"@id":"https://panoramic-chatel.com/#/schema/logo/image/"}}]}</script>
<!-- / Yoast SEO plugin. -->

À propos - Le Panoramic

Résidence Premium à Châtel 7439013 appartements d&rsquo;exception. La situation géographique au cœur du domaine des Portes du Soleil, à 5 minutes de la Suisse, proche de l’accès autoroutier, du TGV, des aéroports de Genève et de Sion, confère au PANORAMIC un atout majeur pour un investissement immobilier avec un fort potentiel de location et de&hellip;&nbsp;Read More &raquo;À propos

Résidence Premium Châtel
